factors of 242167.
23, 10529
List the prime factors of 6895706.
2, 3447853
What are the prime factors of 985829?
13, 75833
What are the prime factors of 2883472?
2, 17, 10601
List the prime factors of 3784045.
5, 163, 4643
List the prime factors of 10645386.
2, 3, 701, 2531
What are the prime factors of 216293?
7, 11, 53
What are the prime factors of 1443331?
1443331
What are the prime factors of 2996706?
2, 3, 173, 2887
What are the prime factors of 5148367?
7, 53, 13877
What are the prime factors of 19512348?
2, 3, 199, 8171
What are the prime factors of 979736?
2, 29, 41, 103
List the prime factors of 460052.
2, 115013
What are the prime factors of 90410?
2, 5, 9041
List the prime factors of 2046659.
359, 5701
What are the prime factors of 903177?
3, 11, 3041
What are the prime factors of 7815191?
109, 71699
List the prime factors of 794779.
794779
What are the prime factors of 20843241?
3, 17, 408691
List the prime factors of 870030.
2, 3, 5, 7, 1381
List the prime factors of 340006.
2, 170003
List the prime factors of 627456.
2, 3, 19, 43
What are the prime factors of 283510?
2, 5, 28351
List the prime factors of 128084.
2, 11, 41, 71
What are the prime factors of 64845?
3, 5, 11, 131
List the prime factors of 902383.
103, 8761
What are the prime factors of 3483211?
1753, 1987
What are the prime factors of 1860094?
2, 43, 503
What are the prime factors of 2887740?
2, 3, 5, 61, 263
List the prime factors of 7397666.
2, 103, 35911
What are the prime factors of 5151212?
2, 11, 29, 367
List the prime factors of 7376482.
2, 3688241
List the prime factors of 4890759.
3, 1630253
List the prime factors of 1463647.
1463647
What are the prime factors of 4641510?
2, 3, 5, 17, 19, 479
List the prime factors of 371191.
371191
What are the prime factors of 18701538?
2, 3, 1279, 2437
List the prime factors of 17033433.
3, 811, 7001
What are the prime factors of 14446035?
3, 5, 89, 3607
What are the prime factors of 106737?
3, 47, 757
List the prime factors of 19397341.
73, 265717
List the prime factors of 352131.
3, 13, 9029
List the prime factors of 330525.
3, 5, 13, 113
What are the prime factors of 55096?
2, 71, 97
List the prime factors of 4937689.
167, 29567
List the prime factors of 89390.
2, 5, 7, 1277
What are the prime factors of 358515?
3, 5, 31, 257
What are the prime factors of 1344384?
2, 3, 389
List the prime factors of 1435067.
281, 5107
What are the prime factors of 2834200?
2, 5, 37, 383
What are the prime factors of 4661937?
3, 7, 73999
List the prime factors of 299103.
3, 7, 14243
What are the prime factors of 630906?
2, 3, 71, 1481
What are the prime factors of 239549?
421, 569
List the prime factors of 1542421.
1542421
What are the prime factors of 50146?
2, 25073
List the prime factors of 671150.
2, 5, 31, 433
What are the prime factors of 342780?
2, 3, 5, 29, 197
What are the prime factors of 24987567?
3, 11, 137, 5527
What are the prime factors of 183222?
2, 3, 13, 29
List the prime factors of 476314.
2, 238157
What are the prime factors of 1088969?
7, 17, 9151
List the prime factors of 5658.
2, 3, 23, 41
What are the prime factors of 7234255?
5, 7, 139, 1487
What are the prime factors of 1894000?
2, 5, 947
List the prime factors of 1479360.
2, 3, 5, 23, 67
List the prime factors of 561355.
5, 19, 311
List the prime factors of 594400.
2, 5, 743
What are the prime factors of 4459787?
79, 56453
What are the prime factors of 281903?
19, 37, 401
What are the prime factors of 1428912?
2, 3, 9923
List the prime factors of 11435982.
2, 3, 397, 4801
List the prime factors of 123978.
2, 3, 20663
List the prime factors of 3334519.
19, 223, 787
List the prime factors of 627705.
3, 5, 13, 29, 37
List the prime factors of 5448409.
311, 17519
List the prime factors of 1084709.
607, 1787
What are the prime factors of 1055316?
2, 3, 87943
What are the prime factors of 1084919?
11, 19, 29, 179
What are the prime factors of 7080669?
3, 29, 9043
List the prime factors of 18893215.
5, 11, 269, 1277
List the prime factors of 1256125.
5, 13, 773
List the prime factors of 11725172.
2, 17, 269, 641
What are the prime factors of 1827847?
7, 73
List the prime factors of 2200278.
2, 3, 366713
List the prime factors of 14041453.
14041453
What are the prime factors of 115276?
2, 7, 23, 179
List the prime factors of 29781774.
2, 3, 11, 150413
What are the prime factors of 78346?
2, 43, 911
List the prime factors of 194015.
5, 38803
List the prime factors of 1422637.
1422637
List the prime factors of 275422.
2, 7, 103, 191
What are the prime factors of 8717742?
2, 3, 11, 44029
List the prime factors of 658576.
2, 41161
List the prime factors of 15809732.
2, 101, 39133
What are the prime factors of 733156?
2, 183289
List the prime factors of 442340.
2, 5, 17, 1301
List the prime factors of 140551.
140551
List the prime factors of 865414.
2, 11, 139, 283
List the prime factors of 979705.
5, 53, 3697
What are the prime factors of 143062?
2, 233, 307
What are the prime factors of 12863249?
7, 1837607
List the prime factors of 273592.
2, 11, 3109
List the prime factors of 9154591.
9154591
List the prime factors of 360859.
17, 21227
List the prime factors of 158927.
158927
List the prime factors of 447901.
447901
What are the prime factors of 13589833?
13589833
List the prime factors of 128742.
2, 3, 43, 499
List the prime factors of 45985.
5, 17, 541
What are the prime factors of 220810?
2, 5, 71, 311
What are the prime factors of 1376061?
3, 229, 2003
What are the prime factors of 12370198?
2, 6185099
What are the prime factors of 2392833?
3, 797611
What are the prime factors of 8347443?
3, 13, 193, 1109
What are the prime factors of 1549898?
2, 7, 149, 743
What are the prime factors of 368348?
2, 71, 1297
What are the prime factors of 4409450?
2, 5, 29, 3041
What are the prime factors of 133645?
5, 26729
What are the prime factors of 726836?
2, 11, 16519
List the prime factors of 8334264.
2, 3, 67, 71, 73
What are the prime factors of 295469?
19, 15551
List the prime factors of 98347.
98347
List the prime factors of 115635.
3, 5, 13, 593
List the prime factors of 166210.
2, 5, 11, 1511
What are the prime factors of 13303362?
2, 3, 593, 3739
What are the prime factors of 359259?
3, 31, 3863
List the prime factors of 7824870.
2, 3, 5, 73, 397
What are the prime factors of 2191163?
13, 41, 4111
What are the prime factors of 1184211?
3, 7, 18797
What are the prime factors of 4209915?
3, 5, 43, 61, 107
List the prime factors of 190549.
89, 2141
What are the prime factors of 354598?
2, 107, 1657
What are the prime factors of 426640?
2, 5, 5333
What are the prime factors of 3377712?
2, 3, 13, 5413
List the prime factors of 1794155.
5, 11, 32621
What are the prime factors of 5749124?
2, 719, 1999
What are the prime factors of 325286?
2, 13, 12511
List the prime factors of 36817181.
23, 31, 51637
List the prime factors of 1126729.
43, 26203
List the prime factors of 845893.
845893
List the prime factors of 256475.
5, 10259
List the prime factors of 195748.
2, 7, 6991
What are the prime factors of 193850?
2, 5, 3877
List the prime factors of 23973592.
2, 19, 157721
What are the prime factors of 484851?
3, 29, 5573
List the prime factors of 1790813.
281, 6373
List the prime factors of 35738351.
11, 3248941
List the prime factors of 740751.
3, 11, 22447
List the prime factors of 5081237.
7, 725891
List the prime factors of 918384.
2, 3, 19, 53
List the prime factors of 3660846.
2, 3, 7, 101, 863
What are the prime factors of 5316702?
2, 3, 886117
What are the prime factors of 30342?
2, 3, 13, 389
What are the prime factors of 3148829?
3148829
List the prime factors of 41266.
2, 47, 439
List the prime factors of 27057301.
617, 43853
List the prime factors of 1027650.
2, 3, 5, 13, 17, 31
What are the prime factors of 98775?
3, 5, 439
What are the prime factors of 282331?
7, 53, 761
List the prime factors of 1979656.
2, 7, 23, 29, 53
List the prime factors of 4600774.
2, 19, 41, 2953
What are the prime factors of 142908?
2, 3, 11909
What are the prime factors of 75541?
75541
What are the prime factors of 434260?
2, 5, 21713
List the prime factors of 5656197.
3, 659, 2861
What are the prime factors of 8566590?
2, 3, 5, 285553
What are the prime factors of 2997259?
37, 59, 1